{"id":192,"date":"2024-10-01T14:39:09","date_gmt":"2024-10-01T12:39:09","guid":{"rendered":"https:\/\/web.cs.infn.it\/wordpress\/?page_id=192"},"modified":"2024-10-01T14:39:09","modified_gmt":"2024-10-01T12:39:09","slug":"colloqui-in-rete","status":"publish","type":"page","link":"https:\/\/web.cs.infn.it\/wordpress\/colloqui-in-rete\/","title":{"rendered":"Colloqui in rete"},"content":{"rendered":"\n<p><img decoding=\"async\" alt=\"\" src=\"http:\/\/ws.cs.infn.it\/documents\/10157\/71501\/un-tuffo-nel-mistero.jpg\/381f8f64-29a9-4112-beb2-6a57d6983f7d?t=1602504153471\">Il gruppo collegato di Cosenza in collaborazione con i Laboratori Nazionali di Frascati dell\u2019INFN organizza <em><strong>Un tuffo nel Sapere: colloqui sulla rete<\/strong><\/em>, una serie di webinar dedicati a temi di attualit\u00e0 scientifica a cura di Vitaliano Chiarella, Margherita Primavera, Francesco Lacava e Marco Schioppa.<\/p>\n\n\n\n<p>La fisica delle particelle, l\u2019archeologia, le scienze dell\u2019ambiente, l\u2019astronomia: accomunate dal rigore scientifico e dal fascino della ricerca dell\u2019ignoto. La Calabria, terra antica che ancora tanto ha da svelare, fa da sfondo a un viaggio ideale alle frontiere di queste discipline, raccontate da eminenti ricercatori calabresi.<\/p>\n\n\n\n<p>&#8212;&#8212;<\/p>\n\n\n\n<p>Torna anche quest\u2019anno 2023 un nuovo ciclo di \u201cColloqui in rete\u201d , per condurci per mano nell\u2019affascinante mondo della fisica fondamentale, con i suoi interrogativi su ci\u00f2 che ancora resta da scoprire sulla natura dell\u2019universo, e sulle pi\u00f9 innovative tecnologie per investigare la struttura intima della materia. Si aggiunger\u00e0 a tutto questo una bella pagina di storia della scienza: grandi menti al lavoro in uno dei periodi pi\u00f9 travagliati della storia recente dell\u2019uomo.<\/p>\n\n\n\n<p><strong>Registrazione<\/strong><\/p>\n\n\n\n<p>Le informazioni per la registrazione verranno rese pubbliche il pi\u00f9 presto possibile.<\/p>\n\n\n\n<p><strong>Istruzioni per il collegamento<\/strong><\/p>\n\n\n\n<p>Le informazioni per il collegamento verranno rese pubbliche il pi\u00f9 presto possibile.<\/p>\n\n\n\n<p><strong><a href=\"https:\/\/agenda.infn.it\/event\/35515\/\" target=\"_blank\" rel=\"noreferrer noopener\">PROGRAMMA 2023<\/a>:<\/strong><\/p>\n\n\n\n<p><strong>\u201cI nuovi acceleratori per la fisica del futuro\u201d <\/strong>Dott. Fabio Bossi (INFN, Laboratori Nazionali di Frascati) 19 Aprile 2023, ore 11:15, \u201cOn live\u201d dal Liceo Scientifico E. Fermi di Cosenza<\/p>\n\n\n\n<p><strong>\u201cI ragazzi di via Panisperna: storie divergenti al cuore della materia\u201d<\/strong> Dott.ssa Adele La Rana (INFN, Universita\u2019 di Macerata) 19 Maggio 2023, ore 11:15, \u201cOn live\u201d dall\u2019IIS di Tropea<\/p>\n\n\n\n<p><strong>\u201cCosa rimane ancora da scoprire nella Fisica?\u201d<\/strong> Dott.ssa Lucia Votano (INFN) 24 Maggio 2023, ore 11:00, \u201cOn live\u201d dal Liceo Scientifico A. Volta di Reggio Calabria<\/p>\n\n\n\n<p><strong>\u201cMateria Oscura: la quintessenza dell\u2019universo\u201d <\/strong>Dott.ssa Paola Gianotti (INFN, Laboratori Nazionali di Frascati) 31 Maggio 2023, ore 09:30 \u201cOn live\u201d dal Liceo Scientifico E. Fermi di Catanzaro<\/p>\n\n\n\n<p><a href=\"http:\/\/www.cs.infn.it\/documents\/10157\/237254\/locandina-colloqui-in-rete-2023\/df89b903-d9bf-4c8c-907f-f1a0e2d44764?version=1.0&amp;download=true\"><strong>Link al poster dell&#8217;evento<\/strong><\/a><\/p>\n\n\n\n<p><a href=\"https:\/\/agenda.infn.it\/event\/30556\/\" target=\"_blank\" rel=\"noreferrer noopener\"><strong>PROGRAMMA 2022<\/strong><\/a>&nbsp;<\/p>\n\n\n\n<p><strong>PROGRAMMA 2020<\/strong>:<\/p>\n\n\n\n<p>2 Settembre <strong>Gli elusivi neutrini \u2013 <em>Dott.ssa Lucia Votano (INFN, Laboratori Nazionali di Frascati) &#8211; <\/em><\/strong><a href=\"https:\/\/www.youtube.com\/watch?v=cwCXa3D7H1M&amp;list=PLRuUrPCVPFIqP_oPQQT61cHjh4G6Usalg&amp;index=1\" target=\"_blank\" rel=\"noreferrer noopener\">video<\/a><\/p>\n\n\n\n<p>17 Settembre <strong>La Calabria antica tra archeologia, tradizione e identit\u00e0 culturale \u2013 <em>Prof. Fabrizio Mollo (Universit\u00e0 degli Studi di Messina) &#8211; <\/em><\/strong><a href=\"https:\/\/www.youtube.com\/watch?v=fta_chb3Hz4&amp;list=PLRuUrPCVPFIqP_oPQQT61cHjh4G6Usalg&amp;index=2\" target=\"_blank\" rel=\"noreferrer noopener\">video<\/a><\/p>\n\n\n\n<p>21 Settembre <strong>La fisica e l\u2019ambiente: un sodalizio per il rispetto della natura \u2013 <em>Dott. Salvatore Procopio (Arpa Calabria) &#8211; <\/em><\/strong><a href=\"https:\/\/www.youtube.com\/watch?v=9EgnJ1ddQ5Y&amp;list=PLRuUrPCVPFIqP_oPQQT61cHjh4G6Usalg&amp;index=3\" target=\"_blank\" rel=\"noreferrer noopener\">video<\/a><\/p>\n\n\n\n<p>24 Settembre <strong>Perdersi tra le stelle nella Calabria Citeriore \u2013 <em>Dott. Antonino Brosio (Parco astronomico LILIO) &#8211; <\/em><\/strong><a href=\"https:\/\/www.youtube.com\/watch?v=Sp_-fgI_izQ&amp;list=PLRuUrPCVPFIqP_oPQQT61cHjh4G6Usalg&amp;index=4\" target=\"_blank\" rel=\"noreferrer noopener\">video<\/a><\/p>\n\n\n\n<p><a href=\"http:\/\/ws.cs.infn.it\/documents\/10157\/71501\/un-tuffo-nel-mistero-poster.jpg\/ade4a7aa-f08a-4041-a8c4-6ff3fc6d6f31?t=1602504165000\"><strong>Link al poster dell&#8217;evento<\/strong><\/a><\/p>\n","protected":false},"excerpt":{"rendered":"<p>Il gruppo collegato di Cosenza in collaborazione con i Laboratori Nazionali di Frascati dell\u2019INFN organizza Un tuffo nel Sapere: colloqui sulla rete, una serie di webinar dedicati a temi di attualit\u00e0 scientifica a cura di Vitaliano Chiarella, Margherita Primavera, Francesco Lacava e Marco Schioppa. La fisica delle particelle, l\u2019archeologia, le scienze dell\u2019ambiente, l\u2019astronomia: accomunate dal [&hellip;]<\/p>\n","protected":false},"author":1,"featured_media":0,"parent":0,"menu_order":0,"comment_status":"closed","ping_status":"closed","template":"","meta":{"footnotes":""},"class_list":["post-192","page","type-page","status-publish","hentry"],"_links":{"self":[{"href":"https:\/\/web.cs.infn.it\/wordpress\/wp-json\/wp\/v2\/pages\/192","targetHints":{"allow":["GET"]}}],"collection":[{"href":"https:\/\/web.cs.infn.it\/wordpress\/wp-json\/wp\/v2\/pages"}],"about":[{"href":"https:\/\/web.cs.infn.it\/wordpress\/wp-json\/wp\/v2\/types\/page"}],"author":[{"embeddable":true,"href":"https:\/\/web.cs.infn.it\/wordpress\/wp-json\/wp\/v2\/users\/1"}],"replies":[{"embeddable":true,"href":"https:\/\/web.cs.infn.it\/wordpress\/wp-json\/wp\/v2\/comments?post=192"}],"version-history":[{"count":1,"href":"https:\/\/web.cs.infn.it\/wordpress\/wp-json\/wp\/v2\/pages\/192\/revisions"}],"predecessor-version":[{"id":193,"href":"https:\/\/web.cs.infn.it\/wordpress\/wp-json\/wp\/v2\/pages\/192\/revisions\/193"}],"wp:attachment":[{"href":"https:\/\/web.cs.infn.it\/wordpress\/wp-json\/wp\/v2\/media?parent=192"}],"curies":[{"name":"wp","href":"https:\/\/api.w.org\/{rel}","templated":true}]}}

<p><img decoding="async" alt="" src="http://ws.cs.infn.it/documents/10157/71501/un-tuffo-nel-mistero.jpg/381f8f64-29a9-4112-beb2-6a57d6983f7d?t=1602504153471">Il gruppo collegato di Cosenza in collaborazione con i Laboratori Nazionali di Frascati dell’INFN organizza <em><strong>Un tuffo nel Sapere: colloqui sulla rete</strong></em>, una serie di webinar dedicati a temi di attualità scientifica a cura di Vitaliano Chiarella, Margherita Primavera, Francesco Lacava e Marco Schioppa.</p>



<p>La fisica delle particelle, l’archeologia, le scienze dell’ambiente, l’astronomia: accomunate dal rigore scientifico e dal fascino della ricerca dell’ignoto. La Calabria, terra antica che ancora tanto ha da svelare, fa da sfondo a un viaggio ideale alle frontiere di queste discipline, raccontate da eminenti ricercatori calabresi.</p>



<p>&#8212;&#8212;</p>



<p>Torna anche quest’anno 2023 un nuovo ciclo di “Colloqui in rete” , per condurci per mano nell’affascinante mondo della fisica fondamentale, con i suoi interrogativi su ciò che ancora resta da scoprire sulla natura dell’universo, e sulle più innovative tecnologie per investigare la struttura intima della materia. Si aggiungerà a tutto questo una bella pagina di storia della scienza: grandi menti al lavoro in uno dei periodi più travagliati della storia recente dell’uomo.</p>



<p><strong>Registrazione</strong></p>



<p>Le informazioni per la registrazione verranno rese pubbliche il più presto possibile.</p>



<p><strong>Istruzioni per il collegamento</strong></p>



<p>Le informazioni per il collegamento verranno rese pubbliche il più presto possibile.</p>



<p><strong><a href="https://agenda.infn.it/event/35515/" target="_blank" rel="noreferrer noopener">PROGRAMMA 2023</a>:</strong></p>



<p><strong>“I nuovi acceleratori per la fisica del futuro” </strong>Dott. Fabio Bossi (INFN, Laboratori Nazionali di Frascati) 19 Aprile 2023, ore 11:15, “On live” dal Liceo Scientifico E. Fermi di Cosenza</p>



<p><strong>“I ragazzi di via Panisperna: storie divergenti al cuore della materia”</strong> Dott.ssa Adele La Rana (INFN, Universita’ di Macerata) 19 Maggio 2023, ore 11:15, “On live” dall’IIS di Tropea</p>



<p><strong>“Cosa rimane ancora da scoprire nella Fisica?”</strong> Dott.ssa Lucia Votano (INFN) 24 Maggio 2023, ore 11:00, “On live” dal Liceo Scientifico A. Volta di Reggio Calabria</p>



<p><strong>“Materia Oscura: la quintessenza dell’universo” </strong>Dott.ssa Paola Gianotti (INFN, Laboratori Nazionali di Frascati) 31 Maggio 2023, ore 09:30 “On live” dal Liceo Scientifico E. Fermi di Catanzaro</p>



<p><a href="http://www.cs.infn.it/documents/10157/237254/locandina-colloqui-in-rete-2023/df89b903-d9bf-4c8c-907f-f1a0e2d44764?version=1.0&amp;download=true"><strong>Link al poster dell&#8217;evento</strong></a></p>



<p><a href="https://agenda.infn.it/event/30556/" target="_blank" rel="noreferrer noopener"><strong>PROGRAMMA 2022</strong></a>&nbsp;</p>



<p><strong>PROGRAMMA 2020</strong>:</p>



<p>2 Settembre <strong>Gli elusivi neutrini – <em>Dott.ssa Lucia Votano (INFN, Laboratori Nazionali di Frascati) &#8211; </em></strong><a href="https://www.youtube.com/watch?v=cwCXa3D7H1M&amp;list=PLRuUrPCVPFIqP_oPQQT61cHjh4G6Usalg&amp;index=1" target="_blank" rel="noreferrer noopener">video</a></p>



<p>17 Settembre <strong>La Calabria antica tra archeologia, tradizione e identità culturale – <em>Prof. Fabrizio Mollo (Università degli Studi di Messina) &#8211; </em></strong><a href="https://www.youtube.com/watch?v=fta_chb3Hz4&amp;list=PLRuUrPCVPFIqP_oPQQT61cHjh4G6Usalg&amp;index=2" target="_blank" rel="noreferrer noopener">video</a></p>



<p>21 Settembre <strong>La fisica e l’ambiente: un sodalizio per il rispetto della natura – <em>Dott. Salvatore Procopio (Arpa Calabria) &#8211; </em></strong><a href="https://www.youtube.com/watch?v=9EgnJ1ddQ5Y&amp;list=PLRuUrPCVPFIqP_oPQQT61cHjh4G6Usalg&amp;index=3" target="_blank" rel="noreferrer noopener">video</a></p>



<p>24 Settembre <strong>Perdersi tra le stelle nella Calabria Citeriore – <em>Dott. Antonino Brosio (Parco astronomico LILIO) &#8211; </em></strong><a href="https://www.youtube.com/watch?v=Sp_-fgI_izQ&amp;list=PLRuUrPCVPFIqP_oPQQT61cHjh4G6Usalg&amp;index=4" target="_blank" rel="noreferrer noopener">video</a></p>



<p><a href="http://ws.cs.infn.it/documents/10157/71501/un-tuffo-nel-mistero-poster.jpg/ade4a7aa-f08a-4041-a8c4-6ff3fc6d6f31?t=1602504165000"><strong>Link al poster dell&#8217;evento</strong></a></p>

<p>Il gruppo collegato di Cosenza in collaborazione con i Laboratori Nazionali di Frascati dell’INFN organizza Un tuffo nel Sapere: colloqui sulla rete, una serie di webinar dedicati a temi di attualità scientifica a cura di Vitaliano Chiarella, Margherita Primavera, Francesco Lacava e Marco Schioppa. La fisica delle particelle, l’archeologia, le scienze dell’ambiente, l’astronomia: accomunate dal [&hellip;]</p>
