{"id":151,"date":"2024-10-01T13:32:35","date_gmt":"2024-10-01T11:32:35","guid":{"rendered":"https:\/\/web.cs.infn.it\/wordpress\/?page_id=151"},"modified":"2024-10-01T13:32:51","modified_gmt":"2024-10-01T11:32:51","slug":"terza-missione","status":"publish","type":"page","link":"https:\/\/web.cs.infn.it\/wordpress\/membri-e-gruppi\/terza-missione\/","title":{"rendered":"Terza Missione"},"content":{"rendered":"\n<p><strong>Attivit\u00e0 di Terza Missione del Gruppo Collegato di Cosenza<br>(a cura della dott.ssa Marcella Capua)<\/strong><\/p>\n\n\n\n<p>Il Gruppo INFN Collegato&nbsp;di Cosenza \u00e8 attento alla diffusione della cultura scientifica ed al trasferimento delle conoscenze, con una particolare attenzione alle aree di intervento dell\u2019Ente e quindi del Gruppo Collegato.<\/p>\n\n\n\n<p>Per questa ragione, svolge da numerosi anni attivit\u00e0 di divulgazione scientifica organizzando eventi, seminari ecc..<\/p>\n\n\n\n<p>Ogni attivit\u00e0 \u00e8 attenta al rispetto di genere e delle diversit\u00e0.<\/p>\n\n\n\n<p>Nellla <a href=\"http:\/\/www.cs.infn.it\/en\/eventi\">pagina eventi<\/a> del sito potete trovare le principali iniziative realizzate.<\/p>\n\n\n\n<p>Dal 2016 l&#8217;Ente si \u00e8 dotato di un Comitato di Coordinamento della Terza Missione (<a href=\"http:\/\/web.infn.it\/CC3M\/index.php\/it\/\">CC3M<\/a>), tra le sigle coordinate, il Gruppo partecipa a:<a href=\"https:\/\/web.infn.it\/RadioLAB\/\" target=\"_blank\" rel=\"noreferrer noopener\">RadioLab<\/a><a href=\"https:\/\/www.premio-asimov.it\/\" target=\"_blank\" rel=\"noreferrer noopener\">Premio Asimov<\/a><a href=\"https:\/\/www.physicsmasterclasses.org\/index.php?cat=schedule&amp;page=schedule_2021\" target=\"_blank\" rel=\"noreferrer noopener\">International MasterClasses \u2013 Hands on in particle physics<\/a><a href=\"https:\/\/www.physicsmasterclasses.org\/index.php?cat=women_in_science\" target=\"_blank\" rel=\"noreferrer noopener\">International MasterClasses&nbsp; Girls \u2013 Hands on in particle physics<\/a><a href=\"https:\/\/indico.cern.ch\/event\/840212\/\" target=\"_blank\" rel=\"noreferrer noopener\">International MasterClasses&nbsp; Girls \u2013 Particle Therapy<\/a><\/p>\n\n\n\n<p><a href=\"https:\/\/web.infn.it\/OCRA\/\">OCRA<\/a><\/p>\n\n\n\n<p>Inoltre, contribuiamo ogni anno con uno stand e numerosi eventi dalla <strong>Notte della Ricerca UNICAL<\/strong> al <strong>Festival della Scienza di Vibo Valentia <\/strong>e ad eventi speciali per la <strong>Giornata Internazionale delle Donne e Ragazze nelle Scienze&nbsp;Dure<\/strong> con incontri sulle problematiche di genere e nelle STEM.<\/p>\n\n\n\n<p><em><strong>Prossimi eventi<\/strong><\/em><\/p>\n\n\n\n<ul class=\"wp-block-list\">\n<li>Physics MasterClasses 2023 &#8211; hands on particle physics<br><a href=\"https:\/\/agenda.infn.it\/e\/mcg2023\" target=\"_blank\" rel=\"noreferrer noopener\">evento speciale<\/a>\u00a0(Giornata Internazionale per le donne e le ragazze nella scienza): 11 febbraio 2023<br><a href=\"https:\/\/agenda.infn.it\/e\/mc2023\" target=\"_blank\" rel=\"noreferrer noopener\">evento standard<\/a>: 24 marzo 2023<\/li>\n<\/ul>\n","protected":false},"excerpt":{"rendered":"<p>Attivit\u00e0 di Terza Missione del Gruppo Collegato di Cosenza(a cura della dott.ssa Marcella Capua) Il Gruppo INFN Collegato&nbsp;di Cosenza \u00e8 attento alla diffusione della cultura scientifica ed al trasferimento delle conoscenze, con una particolare attenzione alle aree di intervento dell\u2019Ente e quindi del Gruppo Collegato. Per questa ragione, svolge da numerosi anni attivit\u00e0 di divulgazione [&hellip;]<\/p>\n","protected":false},"author":1,"featured_media":0,"parent":141,"menu_order":0,"comment_status":"closed","ping_status":"closed","template":"","meta":{"footnotes":""},"class_list":["post-151","page","type-page","status-publish","hentry"],"_links":{"self":[{"href":"https:\/\/web.cs.infn.it\/wordpress\/wp-json\/wp\/v2\/pages\/151","targetHints":{"allow":["GET"]}}],"collection":[{"href":"https:\/\/web.cs.infn.it\/wordpress\/wp-json\/wp\/v2\/pages"}],"about":[{"href":"https:\/\/web.cs.infn.it\/wordpress\/wp-json\/wp\/v2\/types\/page"}],"author":[{"embeddable":true,"href":"https:\/\/web.cs.infn.it\/wordpress\/wp-json\/wp\/v2\/users\/1"}],"replies":[{"embeddable":true,"href":"https:\/\/web.cs.infn.it\/wordpress\/wp-json\/wp\/v2\/comments?post=151"}],"version-history":[{"count":1,"href":"https:\/\/web.cs.infn.it\/wordpress\/wp-json\/wp\/v2\/pages\/151\/revisions"}],"predecessor-version":[{"id":152,"href":"https:\/\/web.cs.infn.it\/wordpress\/wp-json\/wp\/v2\/pages\/151\/revisions\/152"}],"up":[{"embeddable":true,"href":"https:\/\/web.cs.infn.it\/wordpress\/wp-json\/wp\/v2\/pages\/141"}],"wp:attachment":[{"href":"https:\/\/web.cs.infn.it\/wordpress\/wp-json\/wp\/v2\/media?parent=151"}],"curies":[{"name":"wp","href":"https:\/\/api.w.org\/{rel}","templated":true}]}}